c + 2)*(u + 15/(-10))?
7
Let c = 16 + -14. Let x be c/(-4)*(1 + -3). What is the units digit of 35 + (-4 + x)/(-1)?
8
Let p(m) = 3*m**2 - 3*m - 4. Let n be p(-1). Let v(l) = -4*l + 10*l**n + 11 + 2 - 7 + 10. What is the tens digit of v(3)?
9
Let q = 92 + 15. Let z be q + 0 + (-5)/(5/2). Let d = 15 + z. What is the tens digit of d?
2
Suppose 42*r - 5 = 37*r. What is the hundreds digit of (0 - 4) + r*(284 - 0)?
2
What is the hundreds digit of ((27/45)/(1/48))/((-3)/(-1035))?
9
Suppose -815*x = -813*x. Suppose 3*n - 6 = x, 4*n + 255 = q - 294. What is the units digit of q?
7
Let g(j) = 7*j**2 + 36*j - 2066. What is the ten thousands digit of g(85)?
5
Suppose 1 = -6*d + 19. Suppose 4*b - f - 5999 = 0, -6*b + 4*b + d*f = -3007. What is the units digit of b?
9
Let f(h) = 146*h + 141*h - 292*h - 27. Let b = -63 - -36. What is the units digit of f(b)?
8
Suppose -43 = -5*j - 8. Let g(l) be the third derivative of l**4/24 + l**3/6 - 18*l**2. What is the units digit of g(j)?
8
Let d = -178 + 258. Let k = 1929 - 1904. Let z = d + k. What is the tens digit of z?
0
Let h = -237 + 253. Suppose -8*a + h = -4*a + w, -4*a = 3*w - 16. What is the units digit of a?
4
Let i(x) = 3628*x - 965. What is the thousands digit of i(8)?
8
Let d(m) = m**3 - 7*m**2 + 2*m. Let i be d(7). Let v be (-4)/i - 2317/(-49). Suppose v = 8*w + 7. What is the units digit of w?
5
Let x = 10267 + -890. What is the units digit of x?
7
Let d = -68017 - -133653. What is the ten thousands digit of d?
6
Let b = 5 + -2. Suppose -4*o + 5*g + 303 = 0, 4*o + b*g = 72 + 207. Let l = 38 + o. What is the units digit of l?
0
Let n be 40/((-20)/(-4)) - 38. Let w(z) = 4*z**2 + 93*z - 10. What is the tens digit of w(n)?
0
Suppose 9*d - 19 = 62, -d + 232134 = 5*i. What is the ten thousands digit of i?
4
Let f be (4/6)/(4/18). Suppose -f*a - 2*a = -2765. Suppose 4*q + 69 = a. What is the units digit of q?
1
Let a = -10 - -24. Suppose -97 = 3*r - u, -r - 25 = -2*u + a. Let f = 217 + r. What is the units digit of f?
6
Suppose 2*a = 3*m - 614 - 66774, -a - 1 = 0. What is the ten thousands digit of m?
2
Suppose 0*u + 189 = 3*u. Let z be 7/(16/4 - 5). Let b = u - z. What is the units digit of b?
0
What is the hundreds digit of -8 + (-2 - 4)/((-16)/3296)?
2
Suppose -k + i + 514 = 0, 3*k + 3*i - 1816 = -304. What is the hundreds digit of k?
5
What is the units digit of (-8)/(-6)*(250 - -10961)?
8
Suppose -6*j + 49 = 271. Let g = 41 + j. Suppose -g*v - 8 = -64. What is the units digit of v?
4
Let i = 585 + -1695. Let o = -522 - i. What is the tens digit of o/15*10/4?
9
Suppose 0 = -f - 5*a + 5607, f + 4*a - 7189 + 1583 = 0. What is the hundreds digit of f?
6
Let l = 13403 - 1403. What is the units digit of l?
0
Suppose 0 = 283*l - 8588735 + 1753153. What is the ten thousands digit of l?
2
Suppose -69*t + 91*t + 1652531 = 81*t. What is the hundreds digit of t?
0
Let s(t) = -3*t + 1. Let m be s(1). What is the units digit of ((-3)/2*-2)/(m/(-172))?
8
Suppose -66 + 106 = 5*z. Suppose -2*g + 2 - z = 2*l, l + 3 = 5*g. Suppose 5*i - 551 + 121 = g. What is the units digit of i?
6
Let o(g) = -133*g - 662. Let s be o(-5). Let w be ((-36)/15)/((-2)/45). Let v = s + w. What is the units digit of v?
7
Suppose 0 = 3*h + 5*f - 5290, 2*f = -h + 4*h - 5255. Suppose 5*o = -5*q + h, 0 = q - 3*q - 4*o + 700. What is the tens digit of q?
5
Suppose -82*t - 35*t + 702 = 0. Let h be (-40)/(-18) + 2/(-9). Suppose t*k - 144 = h*k. What is the units digit of k?
6
Let k(v) = -v - 2. Suppose 0 = -2*r + 4, -c = 2*c + 5*r - 4. Let p be k(c). Suppose 4*i - i - 15 = p. What is the units digit of i?
5
Let x(c) = -2*c**3 - 98*c**2 - 119*c - 430. What is the hundreds digit of x(-51)?
0
Let r = -50 + 50. Suppose 2*q = 3*z + 49, 5*z + 76 = -r*q + 3*q. Suppose -129 = -2*a + q. What is the tens digit of a?
7
Suppose 0 = -2*g + 40 + 36. Suppose -5*v + 67 = 2*r - 0*r, -v = r - g. Let y = r + -35. What is the units digit of y?
6
Suppose -393*h = -297*h - 94176. What is the tens digit of h?
8
Suppose 32*b - 35*b = 0. What is the tens digit of (-354)/12*((b - 1) + -1)?
5
Let d be (-2)/(-4)*(1 + -3 - -196). Suppose -3*c - 13 = -d. What is the tens digit of c?
2
Suppose -3*j - 1456 = -3913. Let x = j + 44. What is the units digit of x?
3
Let o = 6763 - 6503. Suppose 0 = -5*r + 5*n - 555, 0*r + 5*r - 3*n = -561. Let y = r + o. What is the units digit of y?
6
Suppose -9*n - 20*n = -174. Suppose n*m = -85 + 5497. What is the units digit of m?
2
Let h(u) be the first derivative of 193*u**2/2 + 9*u + 64. What is the tens digit of h(1)?
0
Suppose -7*t + 18 = 2*t. Suppose -3*g - 3*z - 3 = t*z, 0 = g - 3*z + 1. Let s(h) = 85*h**2 + 2*h + 1. What is the units digit of s(g)?
4
Let t be 18/(-3)*-4*8/24. Suppose -5*u = h - 16, -2*h = -4*u + 2*h + t. Suppose 2*p - 835 = -u*p. What is the hundreds digit of p?
1
Suppose -4540 = -2*s - 2*o, 5*s - 4*o + 3717 = 15085. Suppose 0*r - 16*r = -s. What is the units digit of r?
2
Suppose 7*d + 125 = -22. Let j be (1/(-3))/(7/d). What is the units digit of j/2 - 58/(-4)?
5
Suppose 868355 - 4900805 = -75*r. What is the ten thousands digit of r?
5
Let x(b) = -198*b + 2157. What is the hundreds digit of x(-17)?
5
Suppose -11*w + 8*w - 2*h + 55254 = 0, -h = -5*w + 92077. What is the tens digit of w?
1
Let w(a) = 3*a + 54. Let h = -111 + 94. Let r be w(h). What is the tens digit of 256/24*(9 - r)?
6
Suppose -39*u = -34*u. Let g be u + 1*-3 + (438 - 10). Suppose 0*i + 5*i = g. What is the units digit of i?
5
Suppose -3*z - 3*o = -168, -o = 4*z - z - 176. Let u = 153 - z. Let r = -74 + u. What is the tens digit of r?
1
Suppose 14881 = 3*u + 4*l, 2*u + 639*l - 9944 = 641*l. What is the thousands digit of u?
4
Suppose -4*q = 5*f - 357, -q = 8*f - 7*f - 72. Let d = f + 107. What is the hundreds digit of d?
1
Suppose 0 = -14*n + 119*n - 1647135. What is the thousands digit of n?
5
Let d(x) = -8*x**2 + 26*x - 113. Let a(f) = 3*f**2 - 9*f + 38. Let g(n) = 11*a(n) + 4*d(n). Let k be g(-10). What is the tens digit of 4/k + 51/4?
1
Let f be (-3)/(-4) - 6*(-5)/(-40). Let h(n) = -13*n**2 - 3*n + 1123. What is the thousands digit of h(f)?
1
Let k be (-40340)/(-18) - (-57)/(-513). Let n = k + -1467. What is the hundreds digit of n?
7
Suppose 0 = -2*g - 4*u - 802, -4*g + 3*u = 962 + 686. Let x = 35 - g. What is the units digit of x?
4
Suppose -g + 186 + 414 = -5*v, 4*g - 2400 = -3*v. What is the units digit of g?
0
Let f = 564 + -569. What is the units digit of 3056/2 + (-10 - (-1 + f))?
4
Let m(g) = -9384*g - 118. What is the hundreds digit of m(-3)?
0
Let p = 8217 + 4295. What is the ten thousands digit of p?
1
Suppose 3*k = -3*k + 8832. Suppose 3*l - k = -13*o + 8*o, 5*l - 5*o = 2400. What is the units digit of l?
4
Let y = 52 + -45. What is the tens digit of (y - 6)*1 + 341?
4
Let d(x) = 198*x + 86. What is the tens digit of d(33)?
2
Let t(f) = -3*f**3 + 187*f**2 - 98*f + 221. What is the ten thousands digit of t(55)?
6
Suppose -250295 = -56*d + 38217. What is the hundreds digit of d?
1
Let i(t) = 22*t**2 - 8*t - 1956. Let q(m) = 8*m**2 - 3*m - 652. Let g(c) = -6*i(c) + 17*q(c). What is the hundreds digit of g(0)?
6
Let v(n) = -5*n - 46. Let h(c) = -c - 9. Let x(y) = -11*h(y) + 2*v(y). Let b be x(-7). Suppose b = -7*z + 2*z + 450. What is the units digit of z?
0
Let l(y) = -3372*y + 88. What is the hundreds digit of l(-3)?
2
Suppose -320190 = -18*w + 27*w - 39*w. What is the hundreds digit of w?
6
Suppose -147*n + 171*n - 220896 = 0. What is the thousands digit of n?
9
Let w(l) = -2045*l - 256. What is the tens digit of w(-5)?
6
Let p = -3516 - -6446. What is the thousands digit of p?
2
Suppose -h = -41*h + 48760. Suppose 4*p + h - 5887 = 0. What is the units digit of p?
7
Let v(c) = 623*c - 15. Let q = 157 - 156. What is the hundreds digit of v(q)?
6
Let c be (6 + -5)*-3*(-8)/3. Suppose w = -2, b - 3 = 4*w + c. What is the units digit of b?
3
Let m be 84952/18 - 276/(-621). Suppose -v = -5*v + m. What is the tens digit of v?
8
Let u = -154 - -91. Let f = u - -63. Suppose 7*y - 826 - 406 = f. What is the units digit of y?
6
What is the units digit of (-374)/(-10)*(23 + -8)?
1
Suppose -17 = -5*z + 3. Let n be (-4)/(3*(-2)/12). Suppose -272 = -4*i - z*p, -3*i + n*i = 2*p + 312. What is the units digit of i?
4
Let a(k) = 2*k**2 - 19*k - 4. Let g 